 factor of 1180 and 20?
20
Calculate the highest common divisor of 6797 and 7.
7
What is the greatest common divisor of 867 and 119?
17
Calculate the highest common factor of 704 and 88.
88
What is the greatest common divisor of 18 and 726?
6
What is the greatest common divisor of 61 and 976?
61
Calculate the highest common factor of 16 and 10.
2
What is the highest common divisor of 20291 and 206?
103
What is the greatest common factor of 16101 and 9?
9
What is the highest common divisor of 2480 and 20?
20
Calculate the greatest common factor of 11 and 16379.
11
What is the greatest common factor of 1308 and 12?
12
What is the highest common divisor of 1328 and 747?
83
What is the highest common divisor of 22 and 17534?
22
What is the highest common factor of 110 and 3025?
55
What is the greatest common factor of 6 and 150?
6
What is the highest common factor of 23 and 253?
23
What is the greatest common factor of 2072 and 40?
8
What is the greatest common factor of 60 and 340?
20
What is the greatest common factor of 28 and 210?
14
Calculate the greatest common factor of 286 and 242.
22
Calculate the greatest common factor of 118 and 20296.
118
Calculate the greatest common divisor of 2933 and 49.
7
Calculate the highest common factor of 8 and 856.
8
Calculate the highest common divisor of 64 and 14528.
64
What is the highest common divisor of 3382 and 38?
38
Calculate the highest common divisor of 66 and 110.
22
What is the greatest common factor of 10 and 145?
5
What is the highest common divisor of 425 and 20485?
85
Calculate the greatest common divisor of 7 and 2359.
7
What is the greatest common factor of 490 and 392?
98
What is the highest common divisor of 88 and 220?
44
What is the highest common factor of 180 and 96?
12
What is the highest common factor of 1 and 3?
1
What is the highest common factor of 43 and 1634?
43
What is the highest common divisor of 728 and 416?
104
What is the greatest common factor of 240 and 640?
80
Calculate the highest common divisor of 1134 and 3906.
126
Calculate the greatest common divisor of 11682 and 22.
22
Calculate the greatest common factor of 1976 and 104.
104
What is the greatest common factor of 13078 and 26?
26
What is the highest common divisor of 32 and 32?
32
Calculate the greatest common divisor of 248 and 1612.
124
Calculate the greatest common factor of 965 and 15633.
193
What is the greatest common factor of 30 and 310?
10
What is the greatest common divisor of 896 and 28?
28
Calculate the greatest common divisor of 2622 and 6.
6
What is the greatest common factor of 1467 and 9?
9
Calculate the greatest common factor of 2954 and 7.
7
What is the highest common divisor of 1090 and 30?
10
What is the greatest common divisor of 3374 and 14?
14
What is the greatest common divisor of 7344 and 4131?
459
What is the greatest common divisor of 33572 and 924?
308
What is the greatest common factor of 107 and 2461?
107
Calculate the greatest common divisor of 320 and 240.
80
Calculate the greatest common factor of 46 and 161.
23
Calculate the greatest common divisor of 40 and 130.
10
What is the greatest common factor of 3 and 717?
3
Calculate the greatest common factor of 483 and 1288.
161
Calculate the greatest common factor of 2197 and 169.
169
What is the greatest common divisor of 12 and 1068?
12
Calculate the highest common divisor of 236 and 354.
118
Calculate the greatest common divisor of 74 and 20646.
74
Calculate the highest common factor of 1247 and 493.
29
What is the highest common divisor of 52283 and 98?
49
What is the highest common factor of 1576 and 16?
8
Calculate the highest common factor of 38 and 8.
2
Calculate the greatest common factor of 27 and 2376.
27
What is the greatest common factor of 88 and 7942?
22
What is the greatest common factor of 21628 and 4?
4
Calculate the greatest common factor of 5980 and 13.
13
What is the highest common divisor of 1179 and 27?
9
What is the highest common factor of 4838 and 1298?
118
What is the greatest common divisor of 18 and 585?
9
Calculate the greatest common divisor of 80 and 340.
20
What is the greatest common divisor of 664 and 83?
83
What is the greatest common factor of 784 and 49?
49
What is the greatest common factor of 22 and 198?
22
What is the greatest common factor of 183 and 305?
61
What is the highest common divisor of 490 and 15?
5
Calculate the highest common factor of 5022 and 124.
62
What is the highest common factor of 36 and 4?
4
Calculate the highest common factor of 150 and 5.
5
What is the greatest common factor of 62790 and 42?
42
What is the greatest common factor of 567 and 63?
63
Calculate the highest common factor of 2150 and 129.
43
Calculate the greatest common divisor of 3403 and 123.
41
What is the greatest common factor of 5952 and 93?
93
Calculate the highest common divisor of 45 and 36.
9
What is the highest common divisor of 39 and 741?
39
Calculate the greatest common divisor of 90 and 198.
18
What is the highest common factor of 58210 and 10?
10
Calculate the highest common factor of 640 and 20.
20
What is the highest common divisor of 1281 and 28?
7
Calculate the highest common divisor of 7 and 637.
7
Calculate the highest common divisor of 2 and 12658.
2
What is the highest common divisor of 801 and 9?
9
Calculate the highest common divisor of 1980 and 276.
12
Calculate the highest common factor of 5 and 6.
1
Calculate the greatest common divisor of 3129 and 21.
21
Calculate the highest common factor of 186 and 12.
6
What is the highest common divisor of 68 and 12?
4
What is the highest common factor of 60 and 66620?
20
What is the highest common factor of 16 and 178?
2
Calculate the highest common divisor of 783 and 1537.
29
Calculate the highest common factor of 1630 and 180.
10
Calculate the greatest common divisor of 4173 and 195.
39
What is the greatest common divisor of 95 and 171?
19
Calculate the highest common factor of 1479 and 116.
29
What is the highest common factor of 2947 and 14?
7
Calculate the highest common divisor of 60 and 70.
10
Calculate the greatest common divisor of 875 and 70.
35
What is the greatest common divisor of 120 and 12620?
20
What is the greatest common divisor of 192 and 704?
64
What is the highest common divisor of 31 and 1519?
31
Calculate the highest common factor of 33063 and 1236.
309
Calculate the highest common factor of 102 and 2958.
102
What is the highest common factor of 95 and 19361?
19
What is the greatest common divisor of 126 and 168?
42
Calculate the highest common factor of 973 and 14.
7
Calculate the highest common divisor of 93 and 8277.
93
Calculate the greatest common divisor of 28 and 630.
14
What is the highest common factor of 19 and 152?
19
What is the greatest common divisor of 41 and 11029?
41
Calculate the highest common divisor of 18865 and 105.
35
What is the highest common factor of 16354 and 26?
26
What is the highest common factor of 45 and 315?
45
Calculate the greatest common factor of 702 and 216.
54
Calculate the greatest common divisor of 60 and 2700.
60
What is the highest common divisor of 61 and 1952?
61
Calculate the greatest common factor of 856 and 4601.
107
Calculate the greatest common factor of 26 and 19.
1
What is the highest common factor of 8686 and 202?
202
What is the highest common factor of 26 and 403?
13
What is the highest common divisor of 42 and 546?
42
Calculate the highest common factor of 30 and 10740.
30
What is the highest common divisor of 85 and 459?
17
What is the highest common divisor of 17 and 799?
17
Calculate the greatest common divisor of 17 and 1802.
17
What is the greatest common divisor of 164 and 188?
4
What is the highest common factor of 627 and 1188?
33
What is the highest common divisor of 896 and 252?
28
Calculate the greatest common factor of 10 and 430.
10
What is the highest common divisor of 21704 and 4?
4
What is the highest common factor of 1652 and 896?
28
Calculate the highest common factor of 2937 and 22.
11
What is the greatest common factor of 18 and 108?
18
What is the highest common factor of 390 and 30?
30
Calculate the highest common factor of 13 and 3.
1
Calculate the greatest common divisor of 168 and 1792.
56
What is the highest common divisor of 196 a